?
False
Is 22901 prime?
True
Is 6157 prime?
False
Is 13649 prime?
True
Is 247901 composite?
False
Is 5305 prime?
False
Is 13701 prime?
False
Is 5333 composite?
False
Is 127 composite?
False
Is 9115 composite?
True
Is 634 prime?
False
Is 196111 prime?
True
Is 16249 a prime number?
True
Is 8287 composite?
False
Is 37831 prime?
True
Is 41647 composite?
False
Is 5077 composite?
False
Is 10265 a composite number?
True
Is 9543 composite?
True
Is 462873 prime?
False
Is 459791 composite?
False
Is 338609 a composite number?
False
Is 18529 a prime number?
False
Is 1649 composite?
True
Is 157889 composite?
False
Is 7261015 composite?
True
Is 181997 a prime number?
True
Is 3002047 prime?
False
Is 256673 a composite number?
True
Is 29005 prime?
False
Is 701 a composite number?
False
Is 28277 composite?
False
Is 26393 a prime number?
True
Is 85678 a prime number?
False
Is 25301 a prime number?
True
Is 6299 composite?
False
Is 50171 a prime number?
False
Is 18113 a composite number?
True
Is 23459 composite?
False
Is 265597 prime?
False
Is 4209259 composite?
False
Is 15833 a composite number?
True
Is 49663 a prime number?
True
Is 3743959 a prime number?
True
Is 13495 prime?
False
Is 4909 composite?
False
Is 29789 a composite number?
False
Is 22486 composite?
True
Is 10679 prime?
False
Is 20743 a prime number?
True
Is 3314 a prime number?
False
Is 19181 a prime number?
True
Is 1507 composite?
True
Is 332393 a composite number?
False
Is 18439 composite?
False
Is 47449 a composite number?
True
Is 123691 a composite number?
True
Is 29213 a composite number?
True
Is 43027 a composite number?
True
Is 2809 composite?
True
Is 2629 a prime number?
False
Is 132541 a prime number?
True
Is 2203 a prime number?
True
Is 123667 a composite number?
False
Is 2365997 a composite number?
False
Is 9943 a composite number?
True
Is 24355 prime?
False
Is 344321 a composite number?
False
Is 265231 a composite number?
False
Is 19319 a prime number?
True
Is 55477 a composite number?
True
Is 2333 a composite number?
False
Is 1032391 a prime number?
True
Is 65883 prime?
False
Is 69571 composite?
True
Is 5557 a prime number?
True
Is 10991 a prime number?
False
Is 1865237 prime?
False
Is 18782 prime?
False
Is 7115 a composite number?
True
Is 84089 prime?
True
Is 1198421 a prime number?
False
Is 7939 a composite number?
True
Is 133097 prime?
True
Is 1010271 a prime number?
False
Is 9083 composite?
True
Is 2773301 a composite number?
False
Is 4703 prime?
True
Is 269851 a prime number?
True
Is 13523 prime?
True
Is 205381 a composite number?
True
Is 34691 prime?
False
Is 223699 prime?
False
Is 740693 a composite number?
False
Is 240691 prime?
False
Is 4327 a prime number?
True
Is 31121 a composite number?
False
Is 316489 composite?
True
Is 33127 prime?
False
Is 10243 composite?
False
Is 583 composite?
True
Is 226483 prime?
True
Is 33731 a prime number?
False
Is 2309 composite?
False
Is 227011 prime?
True
Is 29699 prime?
False
Is 120733 composite?
True
Is 3313 prime?
True
Is 27883 prime?
True
Is 579778 composite?
True
Is 165629 composite?
True
Is 81817 a composite number?
False
Is 31601 a prime number?
True
Is 94477 a composite number?
False
Is 767627 composite?
True
Is 161 prime?
False
Is 6121 composite?
False
Is 14809 prime?
False
Is 337487 composite?
False
Is 6503 composite?
True
Is 40751 composite?
False
Is 648811 prime?
False
Is 15727 a prime number?
True
Is 65257 a prime number?
True
Is 35617 a prime number?
True
Is 557 prime?
True
Is 245503 composite?
True
Is 3057 a composite number?
True
Is 341617 composite?
False
Is 1359107 composite?
True
Is 103181 composite?
True
Is 50815 a prime number?
False
Is 29519 a composite number?
True
Is 804983 composite?
False
Is 169049 a composite number?
False
Is 12941 prime?
True
Is 114941 a composite number?
False
Is 991751 composite?
False
Is 1422529 composite?
True
Is 1167239 a prime number?
False
Is 265291 a composite number?
True
Is 889429 composite?
False
Is 172307 a prime number?
True
Is 1657 composite?
False
Is 42247 a composite number?
True
Is 11657 a composite number?
False
Is 54437 a composite number?
False
Is 38397 a prime number?
False
Is 25243 prime?
True
Is 13223 a prime number?
False
Is 29407 composite?
True
Is 6521 a composite number?
False
Is 293 a composite number?
False
Is 9305 a prime number?
False
Is 267287 a composite number?
True
Is 87011 prime?
True
Is 2039 a composite number?
False
Is 329 a prime number?
False
Is 73495 a prime number?
False
Is 28761 a composite number?
True
Is 7057 a prime number?
True
Is 341663 a prime number?
False
Is 446179 a composite number?
False
Is 1947817 prime?
False
Is 4439 prime?
False
Is 144043 a prime number?
False
Is 8641 a composite number?
False
Is 61573 prime?
False
Is 100247 a prime number?
False
Is 250253 composite?
False
Is 11369 prime?
True
Is 190345 a composite number?
True
Is 160807 a prime number?
True
Is 651331 prime?
True
Is 4873049 composite?
False
Is 63521 a prime number?
True
Is 385967 a composite number?
False
Is 46 a prime number?
False
Is 71789 prime?
True
Is 2413 prime?
False
Is 966707 composite?
True
Is 26965 composite?
True
Is 13777 a prime number?
False
Is 400027 a composite number?
True
Is 55561 a prime number?
False
Is 67121 composite?
False
Is 2041 prime?
False
Is 66119 composite?
True
Is 32171 composite?
True
Is 684053 prime?
True
Is 53683 a composite number?
True
Is 124953 composite?
True
Is 42257 prime?
True
Is 20481 a composite number?
True
Is 185441 a prime number?
True
Is 535445 composite?
True
Is 352246 a composite number?
True
Is 14095 a prime number?
False
Is 3207 prime?
False
Is 366913 a prime number?
False
Is 56517 a composite number?
True
Is 148361 prime?
True
Is 5347 a prime number?
True
Is 52166 a composite number?
True
Is 52147 composite?
False
Is 40151 a prime number?
True
Is 895 a composite number?
True
Is 1649 composite?
True
Is 17783 composite?
False
Is 25417 composite?
True
Is 59981 prime?
True
Is 2974289 a prime number?
True
Is 148891 a prime number?
True
Is 90437 a prime number?
True
Is 3433 prime?
True
Is 118387 prime?
True
Is 4621 a prime number?
True
Is 72019 prime?
True
Is 427711 composite?
False
Is 1272151 composite?
False
Is 226843 prime?
True
Is 34043 prime?
False
Is 13159 a prime number?
True
Is 5351 composite?
False
Is 1351 composite?
True
Is 1219 a composite number?
True
Is 79571 a prime number?
False
Is 332113 a composite number?
False
Is 21137 composite?
True
Is 26627 prime?
True
Is 208087 composite?
True
Is 15047 a prime number?
False
Is 137537 a composite number?
False
Is 30029 composite?
False
Is 8185 a prime number?
False
Is 7563 prime?
False
Is 17245 prime?
False
Is 405773 prime?
False
Is 970319 composite?
True
Is 336163 prime?
True
Is 18119 a prime number?
True
Is 7431335 a composite number?
True
Is 11379 prime?
False
Is 1232479 a prime number?
False
Is 50147 composite?
False
Is 216613 a composite number?
True
Is 1350485 a composite number?
True
Is 107999 a prime number?
True
Is 263443 prime?
True
Is 317 composite?
False
Is 259955 prime?
False
Is 157769 prime?
True
Is 14071 composite?
False
Is 3787 prime?
False
Is 11647 composite?
True
Is 160203 a composite number?
True
Is 2168893 a composite number?
False
Is 7921 a composite number?
True
Is 53299 composite?
False
Is 73091 composite?
False
Is 2327629 composite?
False
Is 38405 a composite number?
True
Is 303035 prime?
False
Is 61613 prime?
True
Is 231479 prime?
True
Is 116719 prime?
True
Is 5245 a prime number?
False
Is 8203 composite?
True
Is 5194229 a composite number?
False
Is 45803 composite?
True
Is 373571 a prime number?
False
Is 238661 a composite number?
True
Is 88233 a prime number?
False
Is 68883 prime?
False
Is 5894545 composite?
True
Is 4759 a prime number?
True
Is 5939 a prime number?
True
Is 164479 a composite number?
True
Is 7901 composite?
False
Is 746477 a prime number?
True
Is 2693569 a prime number?
False
Is 11819 a prime number?
False
Is 145391 composite?
False
Is 81689 prime?
True
Is 3967 composite?
False
Is 74123 a composite number?
True
Is 25261 a composite number?
False
Is 97133 a prime number?
False
Is 479443 prime?
False
Is 26093 a prime number?
False
Is 48947 a composite number?
False
Is 200687 a composite number?
True
Is 174803 composite?
True
Is 69283